
25
What is the highest common divisor of 171 and 114?
57
Calculate the highest common divisor of 395 and 237.
79
Calculate the greatest common divisor of 14368 and 64.
32
Calculate the greatest common divisor of 300 and 84.
12
Calculate the highest common divisor of 22 and 33.
11
What is the greatest common divisor of 18522 and 12?
6
Calculate the greatest common divisor of 1216 and 512.
64
Calculate the highest common divisor of 3 and 3.
3
Calculate the greatest common divisor of 212 and 16.
4
What is the greatest common factor of 2048 and 16?
16
Calculate the highest common factor of 132 and 8140.
44
Calculate the greatest common factor of 12 and 96.
12
Calculate the highest common divisor of 10212 and 1104.
276
Calculate the greatest common divisor of 60 and 4.
4
Calculate the greatest common divisor of 228 and 24.
12
Calculate the highest common factor of 36 and 42.
6
What is the greatest common divisor of 70 and 60?
10
Calculate the highest common factor of 17480 and 368.
184
Calculate the highest common factor of 1199 and 22.
11
What is the greatest common factor of 22 and 374?
22
What is the highest common divisor of 135 and 10?
5
Calculate the highest common factor of 2 and 54.
2
What is the highest common factor of 3392 and 16?
16
What is the greatest common divisor of 42 and 1344?
42
What is the highest common factor of 2128 and 14?
14
What is the greatest common factor of 669 and 12?
3
Calculate the highest common divisor of 418 and 38.
38
What is the greatest common factor of 38 and 13129?
19
Calculate the greatest common divisor of 290 and 50.
10
Calculate the greatest common divisor of 9 and 981.
9
Calculate the greatest common divisor of 18 and 6246.
18
What is the greatest common factor of 646 and 114?
38
What is the highest common divisor of 33 and 517?
11
Calculate the highest common factor of 515 and 55.
5
What is the greatest common divisor of 1 and 317?
1
Calculate the highest common factor of 216 and 288.
72
Calculate the greatest common factor of 244 and 12993.
61
What is the highest common divisor of 3445 and 195?
65
Calculate the highest common factor of 637 and 539.
49
What is the greatest common factor of 12 and 363?
3
What is the highest common factor of 1044 and 12?
12
Calculate the greatest common divisor of 5214 and 12.
6
What is the greatest common divisor of 9071 and 386?
193
What is the greatest common divisor of 126 and 112?
14
What is the highest common factor of 949 and 219?
73
Calculate the highest common divisor of 702 and 104.
26
Calculate the highest common factor of 204 and 15.
3
Calculate the highest common factor of 14 and 658.
14
What is the highest common divisor of 203 and 1247?
29
Calculate the greatest common divisor of 735 and 840.
105
What is the highest common factor of 1017 and 226?
113
What is the highest common factor of 1425 and 1995?
285
Calculate the highest common factor of 1400 and 50.
50
What is the greatest common factor of 81 and 261?
9
What is the highest common divisor of 53 and 7420?
53
Calculate the highest common divisor of 376 and 200.
8
What is the highest common factor of 126 and 36?
18
What is the greatest common divisor of 54 and 6777?
27
What is the greatest common divisor of 1391 and 13?
13
What is the highest common divisor of 826 and 14?
14
What is the greatest common divisor of 49 and 3577?
49
What is the highest common factor of 24 and 60?
12
What is the greatest common factor of 12038 and 52?
26
Calculate the highest common divisor of 2442 and 66.
66
Calculate the greatest common divisor of 696 and 128.
8
What is the greatest common factor of 2268 and 108?
108
Calculate the highest common factor of 12766 and 26.
26
Calculate the highest common divisor of 5863 and 44.
11
Calculate the highest common factor of 825 and 33.
33
What is the highest common factor of 6876 and 108?
36
What is the greatest common divisor of 1302 and 465?
93
What is the greatest common divisor of 119 and 3077?
17
Calculate the highest common divisor of 45 and 27.
9
Calculate the highest common divisor of 415 and 7387.
83
Calculate the greatest common factor of 3 and 292.
1
What is the greatest common divisor of 520 and 80?
40
Calculate the highest common factor of 150 and 50.
50
Calculate the greatest common divisor of 14 and 12768.
14
What is the highest common factor of 26096 and 448?
112
Calculate the greatest common divisor of 168 and 5775.
21
Calculate the greatest common divisor of 2330 and 15.
5
What is the greatest common factor of 99 and 9174?
33
What is the greatest common factor of 290 and 42340?
290
Calculate the highest common divisor of 68 and 3332.
68
Calculate the highest common factor of 31 and 1271.
31
Calculate the greatest common divisor of 13 and 41977.
13
Calculate the highest common factor of 455 and 1495.
65
What is the greatest common factor of 3120 and 48?
48
Calculate the highest common factor of 116 and 174.
58
What is the highest common factor of 584 and 104?
8
Calculate the highest common divisor of 30 and 2724.
6
Calculate the greatest common divisor of 5 and 55.
5
What is the greatest common factor of 927 and 9?
9
Calculate the highest common divisor of 4 and 46.
2
What is the greatest common divisor of 22600 and 300?
100
Calculate the greatest common factor of 880 and 4928.
176
What is the greatest common divisor of 250 and 50?
50
What is the highest common factor of 17 and 46597?
17
Calculate the greatest common divisor of 20 and 156.
4
What is the greatest common factor of 764 and 8?
4
What is the highest common divisor of 256 and 96?
32
Calculate the highest common factor of 42 and 189.
21
What is the highest common divisor of 45 and 1575?
45
What is the greatest common factor of 25 and 85?
5
Calculate the greatest common factor of 216 and 162.
54
Calculate the greatest common divisor of 27424 and 64.
32
Calculate the highest common divisor of 29 and 2.
1
What is the greatest common divisor of 30 and 1270?
10
What is the greatest common divisor of 44 and 55?
11
What is the greatest common divisor of 30 and 30?
30
Calculate the greatest common divisor of 663 and 255.
51
Calculate the highest common divisor of 2506 and 14.
14
Calculate the greatest common divisor of 123 and 6.
3
Calculate the highest common factor of 3712 and 1972.
116
What is the highest common divisor of 833 and 3213?
119
What is the highest common factor of 64 and 2368?
64
Calculate the highest common divisor of 12 and 429.
3
Calculate the greatest common divisor of 12 and 22956.
12
What is the greatest common factor of 18 and 351?
9
What is the highest common divisor of 98 and 294?
98
Calculate the highest common divisor of 68 and 2.
2
Calculate the highest common divisor of 298 and 10281.
149
What is the greatest common factor of 1491 and 3408?
213
What is the highest common factor of 3 and 540?
3
What is the highest common divisor of 693 and 1701?
63
What is the greatest common divisor of 269 and 1076?
269
Calculate the greatest common factor of 165 and 66.
33
Calculate the highest common factor of 8 and 856.
8
What is the greatest common factor of 64 and 1088?
64
Calculate the highest common divisor of 28 and 308.
28
What is the highest common divisor of 45 and 6225?
15
What is the greatest common factor of 88 and 6292?
44
What is the greatest common divisor of 99 and 506?
11
Calculate the highest common factor of 8 and 8.
8
Calculate the greatest common factor of 2 and 602.
2
Calculate the highest common divisor of 950 and 175.
25
What is the greatest common divisor of 28 and 196?
28
What is the greatest common factor of 28 and 448?
28
What is the greatest common factor of 2 and 45?
1
Calculate the highest common factor of 1040 and 65.
65
What is the greatest common factor of 520 and 20?
20
What is the greatest common factor of 72 and 8?
8
Calculate the highest common factor of 46 and 414.
46
Calculate the highest common divisor of 58 and 30450.
58
What is the highest common factor of 10 and 30?
10
Calculate the highest common divisor of 11193 and 546.
273
What is the highest common divisor of 70 and 14?
14
Calculate the highest common factor of 3649 and 41.
41
What is the highest common divisor of 100 and 300?
100
Calculate the greatest common divisor of 48 and 1812.
12
Calcula